
Is 18311 composite?
False
Is 12247 composite?
True
Is 57203 a composite number?
False
Is 929047 prime?
False
Is 2449 prime?
False
Is 80891 a composite number?
True
Is 700621 prime?
False
Is 3863 composite?
False
Is 209527 a composite number?
True
Is 59749 prime?
False
Is 422 a composite number?
True
Is 39683 a prime number?
False
Is 19001 prime?
True
Is 289277 composite?
True
Is 444361 a prime number?
False
Is 819209 a composite number?
True
Is 312451 a composite number?
False
Is 69257 a composite number?
False
Is 37747 a prime number?
True
Is 15227 prime?
True
Is 573295 composite?
True
Is 391 a prime number?
False
Is 714443 a prime number?
True
Is 3163 prime?
True
Is 19571 a prime number?
True
Is 24347 prime?
False
Is 33023 composite?
False
Is 175255 composite?
True
Is 9773 prime?
False
Is 1123 prime?
True
Is 12739 a prime number?
True
Is 8699 a composite number?
False
Is 4153 a composite number?
False
Is 281965 composite?
True
Is 4534 prime?
False
Is 38629 composite?
False
Is 1089665 a composite number?
True
Is 16183 composite?
False
Is 205703 prime?
True
Is 201813 a composite number?
True
Is 12811 prime?
False
Is 30395 composite?
True
Is 2845 a prime number?
False
Is 613589 composite?
True
Is 164159 prime?
False
Is 4079477 composite?
False
Is 679 a prime number?
False
Is 4559 a prime number?
False
Is 32399 prime?
False
Is 1486 a composite number?
True
Is 42859 a prime number?
True
Is 21269 prime?
True
Is 13997 a composite number?
False
Is 192989 composite?
True
Is 23523 a composite number?
True
Is 1361 composite?
False
Is 3713 prime?
False
Is 198073 a prime number?
True
Is 25105 a composite number?
True
Is 5981 composite?
False
Is 738623 a prime number?
True
Is 26773 a composite number?
True
Is 8923 a composite number?
False
Is 368029 prime?
True
Is 38149 composite?
False
Is 8039 a prime number?
True
Is 203633 a composite number?
True
Is 907 composite?
False
Is 551 composite?
True
Is 252038 prime?
False
Is 21541 a composite number?
True
Is 2149 prime?
False
Is 540961 a composite number?
False
Is 62943 prime?
False
Is 659831 a composite number?
False
Is 165877 a composite number?
False
Is 8503 composite?
True
Is 821 composite?
False
Is 28181 a prime number?
True
Is 4666 prime?
False
Is 3307 a prime number?
True
Is 4395551 a composite number?
False
Is 1039 a composite number?
False
Is 60397 a prime number?
True
Is 17807 composite?
False
Is 907 prime?
True
Is 170999 prime?
False
Is 9811 a prime number?
True
Is 48287 a prime number?
False
Is 76417 a composite number?
True
Is 15947 a composite number?
True
Is 2081 composite?
False
Is 129377 a composite number?
True
Is 5511997 composite?
False
Is 21341 composite?
False
Is 2692203 composite?
True
Is 6979 a prime number?
False
Is 942943 a composite number?
False
Is 34477 composite?
True
Is 21467 a composite number?
False
Is 25 a composite number?
True
Is 15227 composite?
False
Is 207373 composite?
True
Is 11863 a composite number?
False
Is 18433 a prime number?
True
Is 8819 prime?
True
Is 5507 composite?
False
Is 103009 a composite number?
True
Is 13639 prime?
False
Is 364759 a composite number?
False
Is 950833 prime?
False
Is 74759 a composite number?
False
Is 31999 prime?
False
Is 32401 prime?
True
Is 97763 composite?
True
Is 1966 a composite number?
True
Is 121777 prime?
False
Is 94051 prime?
False
Is 80371 composite?
True
Is 1472951 a prime number?
True
Is 118127 prime?
True
Is 20035 prime?
False
Is 780086 a prime number?
False
Is 190483 prime?
False
Is 67561 prime?
False
Is 305803 composite?
False
Is 10133 a composite number?
False
Is 11631 a composite number?
True
Is 178658 composite?
True
Is 67433 composite?
False
Is 1835 prime?
False
Is 13863 composite?
True
Is 28667 composite?
True
Is 27451 prime?
False
Is 19973 composite?
False
Is 12941 composite?
False
Is 8399 a prime number?
False
Is 49 composite?
True
Is 334601 a composite number?
True
Is 307621 a composite number?
True
Is 8059 a prime number?
True
Is 3859693 a prime number?
True
Is 1198 composite?
True
Is 316121 composite?
True
Is 746891 prime?
True
Is 135781 a composite number?
False
Is 196393 a composite number?
True
Is 13341 a composite number?
True
Is 895 a prime number?
False
Is 15661 prime?
True
Is 17269 prime?
False
Is 67657 a prime number?
False
Is 907 prime?
True
Is 444133 a prime number?
False
Is 184385 prime?
False
Is 484691 prime?
True
Is 33827 prime?
True
Is 15917 a prime number?
False
Is 35981 a composite number?
True
Is 195587 composite?
True
Is 63179 prime?
True
Is 280751 composite?
False
Is 312929 a composite number?
False
Is 457 a prime number?
True
Is 20135 composite?
True
Is 7867 prime?
True
Is 263 a prime number?
True
Is 761347 prime?
True
Is 215753 a composite number?
False
Is 2088965 prime?
False
Is 114883 a prime number?
True
Is 16963 a prime number?
True
Is 133851 composite?
True
Is 318781 prime?
True
Is 42037 a prime number?
False
Is 5737 a prime number?
True
Is 311279 prime?
True
Is 93097 a composite number?
False
Is 19843 a prime number?
True
Is 1171 a prime number?
True
Is 1345 prime?
False
Is 71633 a composite number?
False
Is 63853 composite?
False
Is 307039 prime?
False
Is 90299 composite?
True
Is 6157 prime?
False
Is 3034867 prime?
False
Is 259253 composite?
True
Is 8941 a composite number?
False
Is 1678 composite?
True
Is 594809 a composite number?
True
Is 610757 composite?
True
Is 374531 prime?
True
Is 1453139 prime?
False
Is 397999 composite?
True
Is 251309 a composite number?
True
Is 889619 a prime number?
False
Is 133167 composite?
True
Is 1991 a prime number?
False
Is 12979 a composite number?
False
Is 755663 composite?
False
Is 902602 a composite number?
True
Is 58703 a composite number?
True
Is 28751 a prime number?
True
Is 80021 a composite number?
False
Is 1144573 prime?
True
Is 428326 composite?
True
Is 7493 a composite number?
True
Is 28807 composite?
False
Is 118999 a composite number?
True
Is 5069 prime?
False
Is 26083 a prime number?
True
Is 106853 a prime number?
True
Is 30823 prime?
False
Is 3049 prime?
True
Is 15419 a composite number?
True
Is 3242549 composite?
False
Is 2237 prime?
True
Is 1213337 composite?
True
Is 187079 a composite number?
True
Is 242083 a composite number?
False
Is 1829153 prime?
False
Is 5969 a prime number?
False
Is 41441 composite?
True
Is 522317 a composite number?
False
Is 134231 prime?
False
Is 2894627 a prime number?
True
Is 12401 prime?
True
Is 1655 prime?
False
Is 70529 prime?
True
Is 19369 a prime number?
False
Is 33703 a composite number?
False
Is 335207 a prime number?
True
Is 375187 composite?
True
Is 1203329 composite?
False
Is 3223 a composite number?
True
Is 54533 a composite number?
True
Is 4909 a composite number?
False
Is 10193 composite?
False
Is 82741 prime?
False
Is 15857 a composite number?
True
Is 40949 a prime number?
True
Is 217499 composite?
False
Is 3134387 composite?
False
Is 45401 composite?
True
Is 50201 prime?
False
Is 15517 composite?
True
Is 30281 a composite number?
True
Is 137827 a composite number?
False
Is 4057451 composite?
False
Is 277201 prime?
False
Is 202309 a prime number?
True
Is 699319 a prime number?
True
Is 207183 a composite number?
True
Is 94087 a composite number?
True
Is 27595 a composite number?
True
Is 103651 composite?
False
Is 29467 prime?
False
Is 9211 prime?
False
Is 56391 prime?
False
Is 521 composite?
False
Is 13093 a prime number?
True
Is 17291 prime?
True
Is 10483 prime?
False
Is 30449 prime?
True
Is 11617 a composite number?
False
Is 109834 composite?
True
Is 620979 a prime number?
False
Is 895667 a composite number?
False
Is 8158 prime?
False
Is 1125823 prime?
True
Is 3642883 prime?
True
Is 142999 a prime number?
False
Is 3697 composite?
False
Is 115795 a prime number?
False
Is 2939635 prime?
False
Is 1447639 a composite number?
False
Is 26777 a composite number?
False
Is 1657 a prime number?
True
Is 29269 composite?
False
Is 25409 a composite number?
False
Is 123562 prime?
False
Is 209879 a composite number?
True
Is 1425113 a composite number?
False
Is 21711 prime?
False
Is 19 a prime number?
True
Is 4373 a composite number?
False
Is 34341 composite?
True
Is 427457 a prime number?
True
Is 897877 composite?
False
Is 4534993 a prime number?
False
Is 461002 a prime number?
False
Is 101521 a compo